{"id":263,"date":"2018-12-14T21:25:06","date_gmt":"2018-12-14T20:25:06","guid":{"rendered":"http:\/\/wsits.eu\/?page_id=263"},"modified":"2022-11-16T08:57:56","modified_gmt":"2022-11-16T08:57:56","slug":"umsetzung","status":"publish","type":"page","link":"https:\/\/wsits.eu\/wsits\/umsetzung\/","title":{"rendered":"Umsetzung"},"content":{"rendered":"\n<h4 class=\"wp-block-heading\">Umsetzung<\/h4>\n\n\n\n<p><strong><em>\u201eF\u00fcr die Verwirklichung unserer Projekte greifen wir \nausschlie\u00dflich auf Fachkr\u00e4fte zur\u00fcck, die \u00fcber langj\u00e4hrige Erfahrung auf\n ihrem jeweiligen Spezialgebiet verf\u00fcgen.\u201c<\/em><\/strong><\/p>\n\n\n\n<p>Wir stellen h\u00f6chste Anspr\u00fcche an die Qualit\u00e4t unserer Arbeit. Das \nErgebnis: ein jederzeit zuverl\u00e4ssiges, optimal auf Sie zugeschnittenes \nSystem, das Sie beim t\u00e4glichen Workflow ebenso unterst\u00fctzt und f\u00f6rdert \nwie bei der Weiterentwicklung Ihres Unternehmens.<\/p>\n","protected":false},"excerpt":{"rendered":"<p>Umsetzung \u201eF\u00fcr die Verwirklichung unserer Projekte greifen wir ausschlie\u00dflich auf Fachkr\u00e4fte zur\u00fcck, die \u00fcber langj\u00e4hrige Erfahrung auf ihrem jeweiligen Spezialgebiet verf\u00fcgen.\u201c Wir [&hellip;]<\/p>\n","protected":false},"author":1,"featured_media":0,"parent":0,"menu_order":0,"comment_status":"closed","ping_status":"closed","template":"","meta":{"footnotes":""},"class_list":["post-263","page","type-page","status-publish","hentry"],"_links":{"self":[{"href":"https:\/\/wsits.eu\/wsits\/wp-json\/wp\/v2\/pages\/263","targetHints":{"allow":["GET"]}}],"collection":[{"href":"https:\/\/wsits.eu\/wsits\/wp-json\/wp\/v2\/pages"}],"about":[{"href":"https:\/\/wsits.eu\/wsits\/wp-json\/wp\/v2\/types\/page"}],"author":[{"embeddable":true,"href":"https:\/\/wsits.eu\/wsits\/wp-json\/wp\/v2\/users\/1"}],"replies":[{"embeddable":true,"href":"https:\/\/wsits.eu\/wsits\/wp-json\/wp\/v2\/comments?post=263"}],"version-history":[{"count":2,"href":"https:\/\/wsits.eu\/wsits\/wp-json\/wp\/v2\/pages\/263\/revisions"}],"predecessor-version":[{"id":397,"href":"https:\/\/wsits.eu\/wsits\/wp-json\/wp\/v2\/pages\/263\/revisions\/397"}],"wp:attachment":[{"href":"https:\/\/wsits.eu\/wsits\/wp-json\/wp\/v2\/media?parent=263"}],"curies":[{"name":"wp","href":"https:\/\/api.w.org\/{rel}","templated":true}]}}