{"id":259,"date":"2018-12-14T21:23:52","date_gmt":"2018-12-14T20:23:52","guid":{"rendered":"http:\/\/wsits.eu\/?page_id=259"},"modified":"2022-11-16T08:54:45","modified_gmt":"2022-11-16T08:54:45","slug":"beratung","status":"publish","type":"page","link":"https:\/\/wsits.eu\/wsits\/beratung\/","title":{"rendered":"Beratung"},"content":{"rendered":"\n<h4 class=\"wp-block-heading\">Beratung<\/h4>\n\n\n\n<p><strong><em>\u201eN\u00e4gel mit K\u00f6pfen \u2013 von Anfang an. Die Grundlage f\u00fcr \neine langfristige, vertrauensvolle und f\u00fcr beide Seiten wirtschaftlich \nattraktive Zusammenarbeit ist eine gute Beratung.\u201c<\/em><\/strong><\/p>\n\n\n\n<p>Beratung von Startups sowie kleineren und mittleren Unternehmen.<\/p>\n\n\n\n<p>Im Zentrum stehen Ihr Unternehmen und dessen Weiterentwicklung. Unser\n Bestreben ist eine langfristige und vertrauensvolle Zusammenarbeit, und\n darum versuchen wir stets, m\u00f6glichst optimal folgende Aspekte zu \nkombinieren:<\/p>\n\n\n\n<p class=\"has-text-align-center\"><strong>Zuverl\u00e4ssigkeit<\/strong><\/p>\n\n\n\n<p>Auf seine IT-Infrastruktur muss man sich rund um die Uhr verlassen \nk\u00f6nnen. Sie sollte den Arbeitsfluss des Unternehmens nicht hemmen, \nsondern unterst\u00fctzen und f\u00f6rdern. Die Antwort: verl\u00e4ssliche, leicht \nbedienbare, belastbare Systeme. Sie geben Ihren Mitarbeitern nicht nur \nein Gef\u00fchl von Sicherheit \u2013 sie motivieren auch zur Steigerung der \nProduktivit\u00e4t. Jetzt und in Zukunft.<\/p>\n\n\n\n<p>Darum stellen wir Ihnen zuverl\u00e4ssige, flexible Systeme zur Verf\u00fcgung,\n mit bedarfsorientierter Dimensionierung unter Ber\u00fccksichtigung der \nSkalierbarkeit.<\/p>\n\n\n\n<p class=\"has-text-align-center\"><strong>Sicherheit<\/strong><\/p>\n\n\n\n<p>Immer gr\u00f6\u00dfere Bedeutung gewinnt die Absicherung vor dem Zugriff durch\n Unbefugte, von au\u00dfen wie von innen. Dabei muss nicht einmal b\u00f6se \nAbsicht zugrunde liegen, wenn durch solche Zwischenf\u00e4lle ein Unternehmen\n nachhaltig in seiner Arbeit und\/oder seiner Entwicklung gest\u00f6rt wird. \nManchmal gen\u00fcgt eine einzige unbedarfte Handlung \u2013 ohne angemessene \nSicherheitsma\u00dfnahmen kann sie eine potentiell existenzbedrohende Krise \nausl\u00f6sen.<\/p>\n\n\n\n<p>Darum nehmen wir dieses Thema sehr ernst. Angemessene Absicherung \nerreichen wir durch interne Zugriffsregelungen und Kontrollmechanismen, \nFirewall-Systeme und Abschirmung der IT-Dienste nach au\u00dfen und nach \ninnen. Redundante Systeme, Standby-L\u00f6sungen und Datensicherung sch\u00fctzen \nvor Datenverlust.<\/p>\n\n\n\n<p class=\"has-text-align-center\"><strong>Anschaffungskosten und Investitionsschutz<\/strong><\/p>\n\n\n\n<p>Ma\u00dfgeblich bei der Auslegung eines IT-Projektes sind Skalierbarkeit \nsowie Anschaffungs- und Folgekosten. Schon w\u00e4hrend der Beratung \nber\u00fccksichtigen wir die k\u00fcnftige Entwicklung Ihres Unternehmens, denn es\n ist auch in unserem Interesse, dass Sie wettbewerbsf\u00e4hig bleiben.<\/p>\n\n\n\n<p>Darum halten wir die Einstiegskosten m\u00f6glichst niedrig und sorgen \ndaf\u00fcr, dass auch die Folgekosten kalkulierbar und \u00fcberschaubar bleiben.<\/p>\n","protected":false},"excerpt":{"rendered":"<p>Beratung \u201eN\u00e4gel mit K\u00f6pfen \u2013 von Anfang an. Die Grundlage f\u00fcr eine langfristige, vertrauensvolle und f\u00fcr beide Seiten wirtschaftlich attraktive Zusammenarbeit ist [&hellip;]<\/p>\n","protected":false},"author":1,"featured_media":0,"parent":0,"menu_order":0,"comment_status":"closed","ping_status":"closed","template":"page-templates\/page_fullwidth.php","meta":{"footnotes":""},"class_list":["post-259","page","type-page","status-publish","hentry"],"_links":{"self":[{"href":"https:\/\/wsits.eu\/wsits\/wp-json\/wp\/v2\/pages\/259","targetHints":{"allow":["GET"]}}],"collection":[{"href":"https:\/\/wsits.eu\/wsits\/wp-json\/wp\/v2\/pages"}],"about":[{"href":"https:\/\/wsits.eu\/wsits\/wp-json\/wp\/v2\/types\/page"}],"author":[{"embeddable":true,"href":"https:\/\/wsits.eu\/wsits\/wp-json\/wp\/v2\/users\/1"}],"replies":[{"embeddable":true,"href":"https:\/\/wsits.eu\/wsits\/wp-json\/wp\/v2\/comments?post=259"}],"version-history":[{"count":2,"href":"https:\/\/wsits.eu\/wsits\/wp-json\/wp\/v2\/pages\/259\/revisions"}],"predecessor-version":[{"id":392,"href":"https:\/\/wsits.eu\/wsits\/wp-json\/wp\/v2\/pages\/259\/revisions\/392"}],"wp:attachment":[{"href":"https:\/\/wsits.eu\/wsits\/wp-json\/wp\/v2\/media?parent=259"}],"curies":[{"name":"wp","href":"https:\/\/api.w.org\/{rel}","templated":true}]}}